{"id":691,"date":"2017-09-20T18:48:30","date_gmt":"2017-09-20T18:48:30","guid":{"rendered":"https:\/\/diasporasemportugues.ilcml.com\/encyclopedie\/"},"modified":"2023-06-27T15:52:31","modified_gmt":"2023-06-27T15:52:31","slug":"encyclopedie","status":"publish","type":"page","link":"https:\/\/diasporasemportugues.ilcml.com\/fr\/encyclopedie\/","title":{"rendered":"Encyclop\u00e9die"},"content":{"rendered":"<div class=\"wpg-list-wrapper wpg-list-wrapper-template-alphabet\"><div class=\"wpg-list-filter-container\"><div class=\"wpg-list-filter\"><span class=\"wpg-list-filter-row\"><a class=\" filter active\" data-filter=\"all\">All<\/a><a class=\" filter-disable\" data-filter=\".wpg-filter-a\">A<\/a><a class=\" filter-disable\" data-filter=\".wpg-filter-b\">B<\/a><a class=\" filter-disable\" data-filter=\".wpg-filter-c\">C<\/a><a class=\" filter-disable\" data-filter=\".wpg-filter-d\">D<\/a><a class=\" filter-disable\" data-filter=\".wpg-filter-e\">E<\/a><a class=\" filter-disable\" data-filter=\".wpg-filter-f\">F<\/a><a class=\" filter-disable\" data-filter=\".wpg-filter-g\">G<\/a><a class=\" filter-disable\" data-filter=\".wpg-filter-h\">H<\/a><a class=\" filter-disable\" data-filter=\".wpg-filter-i\">I<\/a><a class=\" filter\" data-filter=\".wpg-filter-j\">J<\/a><a class=\" filter-disable\" data-filter=\".wpg-filter-k\">K<\/a><a class=\" filter\" data-filter=\".wpg-filter-l\">L<\/a><a class=\" filter\" data-filter=\".wpg-filter-m\">M<\/a><a class=\" filter-disable\" data-filter=\".wpg-filter-n\">N<\/a><a class=\" filter-disable\" data-filter=\".wpg-filter-o\">O<\/a><a class=\" filter-disable\" data-filter=\".wpg-filter-p\">P<\/a><a class=\" filter-disable\" data-filter=\".wpg-filter-q\">Q<\/a><a class=\" filter\" data-filter=\".wpg-filter-r\">R<\/a><a class=\" filter-disable\" data-filter=\".wpg-filter-s\">S<\/a><a class=\" filter\" data-filter=\".wpg-filter-t\">T<\/a><a class=\" filter-disable\" data-filter=\".wpg-filter-u\">U<\/a><a class=\" filter-disable\" data-filter=\".wpg-filter-v\">V<\/a><a class=\" filter-disable\" data-filter=\".wpg-filter-w\">W<\/a><a class=\" filter-disable\" data-filter=\".wpg-filter-x\">X<\/a><a class=\" filter-disable\" data-filter=\".wpg-filter-y\">Y<\/a><a class=\" filter-disable\" data-filter=\".wpg-filter-z\">Z<\/a><\/span><\/div><\/div><div class=\"wpg-list wpg-list-template-three-column\"><div class=\"wpg-list-block wpg-filter-j mix\" data-filter-base=\"j\"><h3 class=\"wpg-list-block-heading\">J<\/h3><ul class=\"wpg-list-items\"><li class=\"wpg-list-item\"><a class=\"wpg-list-item-title wpg-tooltip\" title=\"&lt;h3 class=&quot;wpg-tooltip-title&quot;&gt;&lt;span class=&quot;wpg-tooltip-term-title&quot;&gt;Joaquim Arena&lt;\/span&gt;&lt;\/h3&gt;&lt;div class=&quot;wpg-tooltip-content&quot;&gt;Joaquim Arena nasceu na ilha de S\u00e3o Vicente, em Cabo Verde e mudou-se com a fam\u00edlia para Lisboa aos cinco anos de idade. Filho de pai portugu\u00eas e m\u00e3e cabo-verdiana, a sua experi\u00eancia pessoal de emigra\u00e7\u00e3o (uma d\u00e9cada antes da Revolu\u00e7\u00e3o de Abril) e a sua condi\u00e7\u00e3o de estar entre culturas s\u00e3o elementos integrantes da sua escrita. Nas d\u00e9cadas de 1980 e 1990, Arena formou-se em Direito e dedicou-se \u00e0 m\u00fasica e ao jornalismo, tendo&lt;\/div&gt;\" href=\"https:\/\/diasporasemportugues.ilcml.com\/fr\/glossary\/joaquim-arena\/\" >Joaquim Arena<\/a><\/li><\/ul><\/div><div class=\"wpg-list-block wpg-filter-l mix\" data-filter-base=\"l\"><h3 class=\"wpg-list-block-heading\">L<\/h3><ul class=\"wpg-list-items\"><li class=\"wpg-list-item\"><a class=\"wpg-list-item-title wpg-tooltip\" title=\"&lt;h3 class=&quot;wpg-tooltip-title&quot;&gt;&lt;span class=&quot;wpg-tooltip-term-title&quot;&gt;Lu\u00edsa Semedo&lt;\/span&gt;&lt;\/h3&gt;&lt;div class=&quot;wpg-tooltip-content&quot;&gt;Lu\u00edsa Semedo nasceu em Lisboa, em 1977. Filha de pai cabo-verdiano e de m\u00e3e portuguesa, viveu no Bairro da Serafina antes de emigrar para Fran\u00e7a. Doutorou-se em Filosofia, com uma tese sobre a faculdade da empatia, pela Universidade Paris-Sorbonne. \u00c9 conselheira das Comunidades Portuguesas e professora no ensino secund\u00e1rio nos arredores de Paris. Assina regularmente uma coluna de opini\u00e3o no jornal P\u00fablico. Em 2017, o seu conto \u201cC\u00e9u de Carv\u00e3o, Mar de A\u00e7o\u201d venceu o&lt;\/div&gt;\" href=\"https:\/\/diasporasemportugues.ilcml.com\/fr\/glossary\/luisa-semedo\/\" >Lu\u00edsa Semedo<\/a><\/li><\/ul><\/div><div class=\"wpg-list-block wpg-filter-m mix\" data-filter-base=\"m\"><h3 class=\"wpg-list-block-heading\">M<\/h3><ul class=\"wpg-list-items\"><li class=\"wpg-list-item\"><a class=\"wpg-list-item-title wpg-tooltip\" title=\"&lt;h3 class=&quot;wpg-tooltip-title&quot;&gt;&lt;span class=&quot;wpg-tooltip-term-title&quot;&gt;Maria Ondina Braga&lt;\/span&gt;&lt;\/h3&gt;&lt;div class=&quot;wpg-tooltip-content&quot;&gt;Nascida em Braga, em janeiro de 1922, Maria Ondina Braga instaurou uma data fict\u00edcia de 1932 para o seu nascimento, do mesmo modo que outros escritores encontraram pseud\u00f3nimos. Numa entrevista concedida \u00e0 revista O Escritor, em Novembro de 1991, a autora (1922-2003) refere ter sido, aos 23 anos, a primeira jovem de Braga a ir como au pair para o estrangeiro \u2013e que o fez ap\u00f3s um longo per\u00edodo de doen\u00e7a, lan\u00e7ando um desafio a&lt;\/div&gt;\" href=\"https:\/\/diasporasemportugues.ilcml.com\/fr\/glossary\/maria-ondina-braga\/\" >Maria Ondina Braga<\/a><\/li><\/ul><\/div><div class=\"wpg-list-block wpg-filter-r mix\" data-filter-base=\"r\"><h3 class=\"wpg-list-block-heading\">R<\/h3><ul class=\"wpg-list-items\"><li class=\"wpg-list-item\"><a class=\"wpg-list-item-title wpg-tooltip\" title=\"&lt;h3 class=&quot;wpg-tooltip-title&quot;&gt;&lt;span class=&quot;wpg-tooltip-term-title&quot;&gt;Ricardo Adolfo&lt;\/span&gt;&lt;\/h3&gt;&lt;div class=&quot;wpg-tooltip-content&quot;&gt;Escritor portugu\u00eas, nascido em Angola, j\u00e1 com tantos anos no estrangeiro (Macau, Londres, Amsterd\u00e3o, T\u00f3quio), quanto os vividos em Portugal, mais concretamente nos arredores de Lisboa, Ricardo Adolfo tem forma\u00e7\u00e3o na \u00e1rea da Publicidade, onde ali\u00e1s continua a trabalhar, embora cedo se tenha dedicado tamb\u00e9m \u00e0 escrita liter\u00e1ria e ao argumento para cinema, como modo de exponenciar as potencialidades reveladoras da linguagem, e que est\u00e3o longe de esgotar-se no discurso publicit\u00e1rio. Logo ap\u00f3s a publica\u00e7\u00e3o&lt;\/div&gt;\" href=\"https:\/\/diasporasemportugues.ilcml.com\/fr\/glossary\/ricardo-adolfo\/\" >Ricardo Adolfo<\/a><\/li><\/ul><\/div><div class=\"wpg-list-block wpg-filter-t mix\" data-filter-base=\"t\"><h3 class=\"wpg-list-block-heading\">T<\/h3><ul class=\"wpg-list-items\"><li class=\"wpg-list-item\"><a class=\"wpg-list-item-title wpg-tooltip\" title=\"&lt;h3 class=&quot;wpg-tooltip-title&quot;&gt;&lt;span class=&quot;wpg-tooltip-term-title&quot;&gt;Tatiana Salem Levy&lt;\/span&gt;&lt;\/h3&gt;&lt;div class=&quot;wpg-tooltip-content&quot;&gt;Tatiana Salem Levy (1979-) figura como uma das mais importantes vozes da literatura brasileira contempor\u00e2nea. Com uma obra em plena expans\u00e3o, seus livros englobam cr\u00edtica liter\u00e1ria, literatura infantil, conto, cr\u00f4nica e romance. A escritora \u00e9 tamb\u00e9m colunista do jornal brasileiro Valor Econ\u00f4mico, desde 2014, para o qual escreve textos de teor liter\u00e1rio. S\u00e3o quatro os seus romances publicados at\u00e9 a presente data, sendo A chave de casa (2007) seu livro de estreia. Contendo elementos autobiogr\u00e1ficos,&lt;\/div&gt;\" href=\"https:\/\/diasporasemportugues.ilcml.com\/fr\/glossary\/tatiana-salem-levy\/\" >Tatiana Salem Levy<\/a><\/li><\/ul><\/div><\/div><div class=\"wpg-clearfix\"><\/div><\/div>\n","protected":false},"excerpt":{"rendered":"","protected":false},"author":1,"featured_media":0,"parent":0,"menu_order":0,"comment_status":"closed","ping_status":"closed","template":"","meta":{"_FSMCFIC_featured_image_caption":"","_FSMCFIC_featured_image_nocaption":"","_FSMCFIC_featured_image_hide":"","slim_seo":{"title":"Tatiana Salem Levy - Diasporas en Portugais","description":"Tatiana Salem Levy (1979-) figura como uma das mais importantes vozes da literatura brasileira contempor\u00e2nea. Com uma obra em plena expans\u00e3o, seus livros englob"}},"acf":[],"_links":{"self":[{"href":"https:\/\/diasporasemportugues.ilcml.com\/fr\/wp-json\/wp\/v2\/pages\/691"}],"collection":[{"href":"https:\/\/diasporasemportugues.ilcml.com\/fr\/wp-json\/wp\/v2\/pages"}],"about":[{"href":"https:\/\/diasporasemportugues.ilcml.com\/fr\/wp-json\/wp\/v2\/types\/page"}],"author":[{"embeddable":true,"href":"https:\/\/diasporasemportugues.ilcml.com\/fr\/wp-json\/wp\/v2\/users\/1"}],"replies":[{"embeddable":true,"href":"https:\/\/diasporasemportugues.ilcml.com\/fr\/wp-json\/wp\/v2\/comments?post=691"}],"version-history":[{"count":2,"href":"https:\/\/diasporasemportugues.ilcml.com\/fr\/wp-json\/wp\/v2\/pages\/691\/revisions"}],"predecessor-version":[{"id":788,"href":"https:\/\/diasporasemportugues.ilcml.com\/fr\/wp-json\/wp\/v2\/pages\/691\/revisions\/788"}],"wp:attachment":[{"href":"https:\/\/diasporasemportugues.ilcml.com\/fr\/wp-json\/wp\/v2\/media?parent=691"}],"curies":[{"name":"wp","href":"https:\/\/api.w.org\/{rel}","templated":true}]}}

Encyclopédie

<div class="wpg-list-wrapper wpg-list-wrapper-template-alphabet"><div class="wpg-list-filter-container"><div class="wpg-list-filter"><span class="wpg-list-filter-row"><a class=" filter active" data-filter="all">All</a><a class=" filter-disable" data-filter=".wpg-filter-a">A</a><a class=" filter-disable" data-filter=".wpg-filter-b">B</a><a class=" filter-disable" data-filter=".wpg-filter-c">C</a><a class=" filter-disable" data-filter=".wpg-filter-d">D</a><a class=" filter-disable" data-filter=".wpg-filter-e">E</a><a class=" filter-disable" data-filter=".wpg-filter-f">F</a><a class=" filter-disable" data-filter=".wpg-filter-g">G</a><a class=" filter-disable" data-filter=".wpg-filter-h">H</a><a class=" filter-disable" data-filter=".wpg-filter-i">I</a><a class=" filter" data-filter=".wpg-filter-j">J</a><a class=" filter-disable" data-filter=".wpg-filter-k">K</a><a class=" filter" data-filter=".wpg-filter-l">L</a><a class=" filter" data-filter=".wpg-filter-m">M</a><a class=" filter-disable" data-filter=".wpg-filter-n">N</a><a class=" filter-disable" data-filter=".wpg-filter-o">O</a><a class=" filter-disable" data-filter=".wpg-filter-p">P</a><a class=" filter-disable" data-filter=".wpg-filter-q">Q</a><a class=" filter" data-filter=".wpg-filter-r">R</a><a class=" filter-disable" data-filter=".wpg-filter-s">S</a><a class=" filter" data-filter=".wpg-filter-t">T</a><a class=" filter-disable" data-filter=".wpg-filter-u">U</a><a class=" filter-disable" data-filter=".wpg-filter-v">V</a><a class=" filter-disable" data-filter=".wpg-filter-w">W</a><a class=" filter-disable" data-filter=".wpg-filter-x">X</a><a class=" filter-disable" data-filter=".wpg-filter-y">Y</a><a class=" filter-disable" data-filter=".wpg-filter-z">Z</a></span></div></div><div class="wpg-list wpg-list-template-three-column"><div class="wpg-list-block wpg-filter-j mix" data-filter-base="j"><h3 class="wpg-list-block-heading">J</h3><ul class="wpg-list-items"><li class="wpg-list-item"><a class="wpg-list-item-title wpg-tooltip" title="&lt;h3 class=&quot;wpg-tooltip-title&quot;&gt;&lt;span class=&quot;wpg-tooltip-term-title&quot;&gt;Joaquim Arena&lt;/span&gt;&lt;/h3&gt;&lt;div class=&quot;wpg-tooltip-content&quot;&gt;Joaquim Arena nasceu na ilha de São Vicente, em Cabo Verde e mudou-se com a família para Lisboa aos cinco anos de idade. Filho de pai português e mãe cabo-verdiana, a sua experiência pessoal de emigração (uma década antes da Revolução de Abril) e a sua condição de estar entre culturas são elementos integrantes da sua escrita. Nas décadas de 1980 e 1990, Arena formou-se em Direito e dedicou-se à música e ao jornalismo, tendo&lt;/div&gt;" href="https://diasporasemportugues.ilcml.com/fr/glossary/joaquim-arena/" >Joaquim Arena</a></li></ul></div><div class="wpg-list-block wpg-filter-l mix" data-filter-base="l"><h3 class="wpg-list-block-heading">L</h3><ul class="wpg-list-items"><li class="wpg-list-item"><a class="wpg-list-item-title wpg-tooltip" title="&lt;h3 class=&quot;wpg-tooltip-title&quot;&gt;&lt;span class=&quot;wpg-tooltip-term-title&quot;&gt;Luísa Semedo&lt;/span&gt;&lt;/h3&gt;&lt;div class=&quot;wpg-tooltip-content&quot;&gt;Luísa Semedo nasceu em Lisboa, em 1977. Filha de pai cabo-verdiano e de mãe portuguesa, viveu no Bairro da Serafina antes de emigrar para França. Doutorou-se em Filosofia, com uma tese sobre a faculdade da empatia, pela Universidade Paris-Sorbonne. É conselheira das Comunidades Portuguesas e professora no ensino secundário nos arredores de Paris. Assina regularmente uma coluna de opinião no jornal Público. Em 2017, o seu conto “Céu de Carvão, Mar de Aço” venceu o&lt;/div&gt;" href="https://diasporasemportugues.ilcml.com/fr/glossary/luisa-semedo/" >Luísa Semedo</a></li></ul></div><div class="wpg-list-block wpg-filter-m mix" data-filter-base="m"><h3 class="wpg-list-block-heading">M</h3><ul class="wpg-list-items"><li class="wpg-list-item"><a class="wpg-list-item-title wpg-tooltip" title="&lt;h3 class=&quot;wpg-tooltip-title&quot;&gt;&lt;span class=&quot;wpg-tooltip-term-title&quot;&gt;Maria Ondina Braga&lt;/span&gt;&lt;/h3&gt;&lt;div class=&quot;wpg-tooltip-content&quot;&gt;Nascida em Braga, em janeiro de 1922, Maria Ondina Braga instaurou uma data fictícia de 1932 para o seu nascimento, do mesmo modo que outros escritores encontraram pseudónimos. Numa entrevista concedida à revista O Escritor, em Novembro de 1991, a autora (1922-2003) refere ter sido, aos 23 anos, a primeira jovem de Braga a ir como au pair para o estrangeiro –e que o fez após um longo período de doença, lançando um desafio a&lt;/div&gt;" href="https://diasporasemportugues.ilcml.com/fr/glossary/maria-ondina-braga/" >Maria Ondina Braga</a></li></ul></div><div class="wpg-list-block wpg-filter-r mix" data-filter-base="r"><h3 class="wpg-list-block-heading">R</h3><ul class="wpg-list-items"><li class="wpg-list-item"><a class="wpg-list-item-title wpg-tooltip" title="&lt;h3 class=&quot;wpg-tooltip-title&quot;&gt;&lt;span class=&quot;wpg-tooltip-term-title&quot;&gt;Ricardo Adolfo&lt;/span&gt;&lt;/h3&gt;&lt;div class=&quot;wpg-tooltip-content&quot;&gt;Escritor português, nascido em Angola, já com tantos anos no estrangeiro (Macau, Londres, Amsterdão, Tóquio), quanto os vividos em Portugal, mais concretamente nos arredores de Lisboa, Ricardo Adolfo tem formação na área da Publicidade, onde aliás continua a trabalhar, embora cedo se tenha dedicado também à escrita literária e ao argumento para cinema, como modo de exponenciar as potencialidades reveladoras da linguagem, e que estão longe de esgotar-se no discurso publicitário. Logo após a publicação&lt;/div&gt;" href="https://diasporasemportugues.ilcml.com/fr/glossary/ricardo-adolfo/" >Ricardo Adolfo</a></li></ul></div><div class="wpg-list-block wpg-filter-t mix" data-filter-base="t"><h3 class="wpg-list-block-heading">T</h3><ul class="wpg-list-items"><li class="wpg-list-item"><a class="wpg-list-item-title wpg-tooltip" title="&lt;h3 class=&quot;wpg-tooltip-title&quot;&gt;&lt;span class=&quot;wpg-tooltip-term-title&quot;&gt;Tatiana Salem Levy&lt;/span&gt;&lt;/h3&gt;&lt;div class=&quot;wpg-tooltip-content&quot;&gt;Tatiana Salem Levy (1979-) figura como uma das mais importantes vozes da literatura brasileira contemporânea. Com uma obra em plena expansão, seus livros englobam crítica literária, literatura infantil, conto, crônica e romance. A escritora é também colunista do jornal brasileiro Valor Econômico, desde 2014, para o qual escreve textos de teor literário. São quatro os seus romances publicados até a presente data, sendo A chave de casa (2007) seu livro de estreia. Contendo elementos autobiográficos,&lt;/div&gt;" href="https://diasporasemportugues.ilcml.com/fr/glossary/tatiana-salem-levy/" >Tatiana Salem Levy</a></li></ul></div></div><div class="wpg-clearfix"></div></div>

Tatiana Salem Levy (1979-) figura como uma das mais importantes vozes da literatura brasileira contemporânea. Com uma obra em plena expansão, seus livros englob
